Calculate q(0).
-3860
Let j(o) = -o**3 + 126*o**2 + 78*o + 22895. Determine j(128).
111
Let k(f) = -3253*f + 9864. What is k(3)?
105
Let j(i) = 345376*i - 1036116. Determine j(3).
12
Let c(f) = -f**3 - 119*f**2 - 95*f - 25832. Calculate c(-120).
-32
Let z(a) = 33277*a - 665547. Calculate z(20).
-7
Let n(r) = -1729*r - 161621. Calculate n(-94).
905
Let o(j) = 15698*j + 266858. Calculate o(-17).
-8
Let y(b) = b**2 - 808*b + 136311. What is y(568)?
-9
Let k(s) = -2*s**2 - 71*s + 2287. Determine k(22).
-243
Let l(i) = -2563324*i - 17943263. Determine l(-7).
5
Let t(c) = 2190*c + 61233. What is t(-28)?
-87
Let g(s) = -3*s**3 - 372*s**2 + 1152*s + 1119. Calculate g(-127).
-24
Let o(d) = -d**2 - 1032*d - 40626. Give o(-41).
5
Let v(q) = -48*q**2 - 513*q + 3531. What is v(7)?
-2412
Let v(w) = -w**3 + 3520*w**2 + 358281*w + 5. Give v(-99).
5
Let l(h) = -33438*h + 22069053. Determine l(660).
-27
Let i(y) = y**2 + 97*y - 7231. Give i(-150).
719
Let t(u) = -1171*u + 4860. Give t(5).
-995
Let l(t) = 2*t**3 + 316*t**2 - 2287*t + 410. Give l(-165).
-3385
Let m(l) = -59*l**2 - 181*l - 38. Give m(-3).
-26
Let t(s) = 5807*s - 396. Determine t(0).
-396
Let h(u) = -6*u**3 + 2*u**2 + 1905*u - 3791. Determine h(2).
-21
Let h(g) = 113*g**3 - 7006*g**2 - 137*g + 8500. Calculate h(62).
6
Let i(w) = 2*w**3 + 48*w**2 + 23*w + 1973. What is i(-25)?
148
Let k(y) = 26*y**2 + 318*y - 8. Calculate k(2).
732
Let r(k) = 4*k**3 - 11*k**2 + 21*k - 73. Give r(6).
521
Let s(w) = 16719*w + 1855815. Determine s(-111).
6
Let l(j) = -482*j + 9138. Determine l(19).
-20
Let l(k) = 25*k**2 - 858*k - 584. Calculate l(35).
11
Let b(l) = 68*l**2 + 2083*l + 12540. Determine b(-6).
2490
Let n(z) = -159*z + 7029. Give n(60).
-2511
Let v(i) = 2*i**3 - 644*i**2 + 1913*i + 424. Calculate v(319).
105
Let u(m) = 19409*m - 97128. What is u(5)?
-83
Let o(q) = 831*q - 242010. Give o(291).
-189
Let l(s) = 477*s**3 - 157409*s**2 - 333*s + 993. What is l(330)?
3
Let y(l) = -855*l - 29210. Calculate y(-34).
-140
Let c(r) = 352*r - 1171. Give c(-1).
-1523
Let z(l) = 21431*l + 614. What is z(0)?
614
Let p(i) = i**2 - 57*i - 7619. Determine p(-63).
-59
Let l(h) = -h**3 - 3*h**2 + 3306*h + 3. Give l(56).
115
Let k(v) = -50138*v - 1253469. Calculate k(-25).
-19
Let g(y) = 4*y**2 - 78*y + 101. Calculate g(23).
423
Let x(u) = 5*u**2 - 214*u + 1258. What is x(6)?
154
Let a(d) = -36*d**2 - 80*d - 233. What is a(-4)?
-489
Let b(r) = 188*r + 32670. What is b(-175)?
-230
Let v(t) = -2*t**3 - 14*t**2 + 259*t + 274. Determine v(-15).
-11
Let i(b) = 63447*b + 634484. What is i(-10)?
14
Let u(s) = -43196*s - 2894199. Calculate u(-67).
-67
Let f(t) = -t**2 + 2401*t - 325017. What is f(144)?
-9
Let v(y) = 15053*y + 45232. Give v(-3).
73
Let a(m) = -7*m**3 - 575*m**2 + 1693*m - 595. What is a(-85)?
0
Let o(x) = -21*x**2 + 94*x + 784. What is o(17)?
-3687
Let j(o) = -o**2 + 198*o + 31440. What is j(-104)?
32
Let v(j) = 7*j**2 + 5325*j - 16046. Calculate v(3).
-8
Let r(f) = -6931*f - 2488033. Calculate r(-359).
196
Let g(j) = -849*j - 2303. Determine g(-2).
-605
Let f(l) = 315*l**2 + 10*l - 11. What is f(2)?
1269
Let g(z) = 10*z**3 + 64*z - 2312. Give g(0).
-2312
Let w(j) = 2*j**2 + 66679*j - 1267624. Calculate w(19).
-1
Let t(x) = 9*x**2 + 41*x + 121. Calculate t(-3).
79
Let n(g) = -732*g + 3734. Give n(5).
74
Let a(t) = t**2 + 182*t + 6240. Calculate a(-46).
-16
Let j(u) = -106*u + 40587. Give j(383).
-11
Let q(v) = 7714*v + 593999. What is q(-77)?
21
Let k(y) = 6*y**3 + 475*y**2 + 3418*y + 16. Calculate k(-8).
0
Let r(n) = -1518*n + 7121. Determine r(4).
1049
Let c(t) = 3*t**2 + 2709*t + 456302. Determine c(-224).
14
Let y(n) = -22*n**2 + 7796*n + 12772. Determine y(356).
-44
Let c(w) = 139*w - 6514. Determine c(41).
-815
Let c(r) = 17*r**2 - 103*r + 86. What is c(5)?
-4
Let h(c) = 210610*c - 5686447. Determine h(27).
23
Let f(c) = 6210*c - 27191. What is f(4)?
-2351
Let w(z) = 3*z**3 + 192*z**2 + 4*z - 651. Calculate w(-64).
-907
Let x(b) = -b**3 - 116*b**2 - 1475*b - 4154. Give x(-10).
-4
Let q(h) = -57*h**2 + 230*h + 35. Calculate q(4).
43
Let m(h) = 7957*h - 47810. What is m(6)?
-68
Let v(l) = l**3 - 577*l**2 + 6826*l + 203. Determine v(12).
755
Let i(h) = 11*h**3 - 1630*h**2 + 313*h - 2522. Give i(148).
-6
Let f(k) = 865*k - 18240. Determine f(21).
-75
Let p(i) = -3*i**3 - 27*i**2 - 69*i - 68. What is p(-10)?
922
Let t(j) = 10*j**2 - 9819*j + 39096. Calculate t(4).
-20
Let l(v) = 2*v**3 + 173*v**2 + 406*v - 1173. Calculate l(-84).
3
Let i(f) = -217*f + 6259. Give i(29).
-34
Let l(a) = -a**2 - 223135*a + 446275. Determine l(2).
1
Let v(c) = 406*c**2 + 176*c - 38. Calculate v(-2).
1234
Let h(i) = -i**3 + 107*i**2 - 761*i + 15697. Give h(101).
42
Let r(p) = 3*p**2 - 704*p - 8935. Determine r(-12).
-55
Let w(i) = -3*i**3 - 30*i**2 - 54*i - 639. Determine w(-10).
-99
Let r(h) = 166*h - 14926. Determine r(90).
14
Let d(o) = -4*o**2 + 10622*o - 99. Determine d(0).
-99
Let h(w) = 20*w**3 + 1462*w**2 + 169*w + 1673. Determine h(-73).
-6
Let i(q) = -q**3 - 478*q**2 + 49154*q + 30. Calculate i(87).
-57
Let f(v) = 2437*v - 2418. What is f(1)?
19
Let q(t) = -23*t**2 + 402*t + 2774. Give q(-7).
-1167
Let u(y) = 101*y - 39573. Give u(407).
1534
Let f(n) = -n**3 - 277*n**2 + 399*n + 33618. Give f(-278).
-20
Let i(n) = -19*n**3 - 141*n**2 + 231*n - 519. Determine i(-9).
-168
Let w(d) = -19972*d - 539477. Calculate w(-27).
-233
Let n(p) = 177*p - 13946. Give n(80).
214
Let p(v) = 16359*v - 376261. Determine p(23).
-4
Let a(u) = 4*u**3 + 3*u**2 - 95*u - 39. Calculate a(-5).
11
Let k(u) = 1154*u - 112012. What is k(97)?
-74
Let o(c) = 255*c - 4169. Determine o(11).
-1364
Let z(b) = 450*b - 23385. What is z(52)?
15
Let h(y) = 9*y**2 - 1144*y + 693. Determine h(128).
1717
Let p(a) = -a**2 + 74257*a - 3487861. What is p(47)?
9
Let d(j) = j**2 - 70*j - 5444. Calculate d(140).
4356
Let u(c) = -3*c**2 + 145*c - 1669. Give u(12).
-361
Let c(v) = 1259*v + 27560. Calculate c(-22).
-138
Let b(r) = r**2 - 406*r + 22990. Calculate b(68).
6
Let i(j) = 714*j**2 - 628*j + 628. Calculate i(1).
714
Let z(g) = -10*g**3 + 25*g**2 - 205*g + 618. Give z(3).
-42
Let h(s) = -2857*s + 757079. What is h(265)?
-26
Let f(v) = -v**3 + 154*v**2 - 309*v + 361. What is f(152)?
-399
Let f(t) = -t**3 + 33*t**2 + 2277*t - 76266. Determine f(34).
-4
Let z(p) = -1092*p + 23988. What is z(22)?
-36
Let t(k) = -537*k + 18452. What is t(34)?
194
Let h(g) = -771*g - 228210. Calculate h(-296).
6
Let n(g) = 14967*g + 29948. Calculate n(-2).
14
Let b(a) = -2*a**3 + 35*a**2 - 3110*a + 68401. Determine b(21).
4
Let n(f) = 15467*f - 216557. Determine n(14).
-19
Let l(d) = -10*d**2 + 76*d + 197. Give l(-2).
5
Let d(n) = 47541*n + 95088. Calculate d(-2).
6
Let d(k) = 2691*k + 301383. Give d(-112).
-9
Let s(z) = -74*z**2 - 1891*z - 3780. Calculate s(-2).
-294
Let f(w) = 646*w - 39281. Determine f(61).
125
Let v(j) = -6*j**3 - 95*j**2 - 325*j + 14. Give v(-5).
14
Let m(f) = -106*f**2 + 181*f + 3572. Calculate m(-5).
17
Let f(t) = -t**3 - 195*t**2 - 156*t + 44339. Give f(-193).
-51
Let g(n) = 9*n**3 + 3*n**2 - 669*n - 672. Determine g(-1).
-9
Let l(d) = -d**3 + 111*d**2 - 370*d + 4965. Calculate l(108).
-3
Let s(h) = -786*h**2 - 10260*h - 522. Determine s(-13).
24
Let o(q) = -583846*q + 583831. Give o(1).
-15
Let x(l) = 520*l + 120674. Calculate x(-232).
34
Let w(y) = 599*y**2 + 390*y - 1. Give w(-1).
208
Let q(z) = 57*z + 608. What is q(2)?
722
Let a(i) = -11*i**2 - 238*i - 195. Determine a(-21).
-48
Let g(m) = -m**3 - 112*m**2 - 385*m + 16129. Determine g(-107).
79
Let t(q) = 7109*q + 1059267. Calculate t(-149).
26
Let h(k) = -k**2 + 32409*k - 194400. Determine h(6).
18
Let y(w) = w**2 - 26*w - 4882. Calculate y(-58).
-10
Let w(m) = 269*m - 42462. Calculate w(158).
40
Let u(i) = -991*i**2 - 87206*i + 172. Calculate u(-88).
-4
Let y(d) = -d**2 - 752*d - 9651. Give y(-13).
-44
Let n(f) = -1175*f + 7005. Determine n(5).
1130
Let l(f) = f**3 + 34*f**2 - 1718*f - 9443. Give l(-60).
37
Let k(d) = -7877*d - 2378854. Determine k(-302).
0
Let g(v) = 15*v**2 + 4373*v + 17250. Calculate g(-4).
-2
Let c(v) = 3684*v - 18440. Determine c(5).
-20
Let p(k) = -130*k - 440. What is p(3)?
-830
Let y(k) = k**2 + 2626*k + 544572. Determine y(-227).
-1
Let r(h) = -38867*h + 349501. What is r(9)?
-302
Le